{"id":1052,"date":"2017-09-15T18:07:26","date_gmt":"2017-09-15T16:07:26","guid":{"rendered":"http:\/\/bioinfo2.ugr.es\/biocomputacion\/?page_id=1052"},"modified":"2017-11-25T20:02:53","modified_gmt":"2017-11-25T18:02:53","slug":"linux","status":"publish","type":"page","link":"https:\/\/bioinfo2.ugr.es\/biocomputacion\/linux\/","title":{"rendered":"Linux"},"content":{"rendered":"<h4>\u00bfQue es UNIX?<\/h4>\n<ul>\n<li>En los a\u00f1os 60: cada ordenador tenia su sistema operativo<\/li>\n<li>En 1970, en Bell Labs, Ken Thompson y Dennis Richie, empiezan con el desarrollo de Unix<a href=\"http:\/\/bioinfo2.ugr.es\/biocomputacion\/wp-content\/uploads\/2017\/09\/UNIX1.png\"><img loading=\"lazy\" class=\"wp-image-1155 aligncenter\" src=\"http:\/\/bioinfo2.ugr.es\/biocomputacion\/wp-content\/uploads\/2017\/09\/UNIX1.png\" alt=\"\" width=\"290\" height=\"188\" srcset=\"https:\/\/bioinfo2.ugr.es\/biocomputacion\/wp-content\/uploads\/2017\/09\/UNIX1.png 550w, https:\/\/bioinfo2.ugr.es\/biocomputacion\/wp-content\/uploads\/2017\/09\/UNIX1-300x195.png 300w, https:\/\/bioinfo2.ugr.es\/biocomputacion\/wp-content\/uploads\/2017\/09\/UNIX1-360x234.png 360w\" sizes=\"(max-width: 290px) 100vw, 290px\" \/><\/a><\/li>\n<li>Dise\u00f1o modular, escrito en C (con excepci\u00f3n del kernel)<\/li>\n<li>Unix era adaptable a diferentes arquitecturas.<\/li>\n<li>Linus Torvalds (abajo) publica en 1991 el primer kernel del sistema operativo Linux<\/li>\n<li>Gratuito y c\u00f3digo abierto<\/li>\n<\/ul>\n<p><a href=\"http:\/\/bioinfo2.ugr.es\/biocomputacion\/wp-content\/uploads\/2017\/09\/linux.png\"><img loading=\"lazy\" class=\"wp-image-1157 aligncenter\" src=\"http:\/\/bioinfo2.ugr.es\/biocomputacion\/wp-content\/uploads\/2017\/09\/linux.png\" alt=\"\" width=\"263\" height=\"315\" srcset=\"https:\/\/bioinfo2.ugr.es\/biocomputacion\/wp-content\/uploads\/2017\/09\/linux.png 549w, https:\/\/bioinfo2.ugr.es\/biocomputacion\/wp-content\/uploads\/2017\/09\/linux-251x300.png 251w, https:\/\/bioinfo2.ugr.es\/biocomputacion\/wp-content\/uploads\/2017\/09\/linux-226x270.png 226w\" sizes=\"(max-width: 263px) 100vw, 263px\" \/><\/a><\/p>\n<p>&nbsp;<\/p>\n<h3>\u00bfQue es Linux?<\/h3>\n<p>Linux es un sistema operativo tipo Unix, que sin embargo se distribuye bajo las licencias de software libre. Hoy en d\u00eda es innegable que un manejo b\u00e1sico en este sistema operativo es indispensable no solo dentro del campo de la biocomputaci\u00f3n sino tambi\u00e9n para muchos otros perfiles de trabajo que requieren alg\u00fan fondo computacional.<\/p>\n<p>Existen muchas razones por las que en el mundo de la biocomputaci\u00f3n el sistema operativo Linux es tan importante, sino predominante:<\/p>\n<ul>\n<li>Es completamente gratis, es decir no hay que invertir parte del presupuesto en licencias<\/li>\n<li>Es muy estable y por eso se suele instalar en los servidores de c\u00e1lculo intensivo para ejecutar los programas bioinform\u00e1ticos que demandan mucha memoria y CPU. La estabilidad siempre era el tal\u00f3n de Aquiles de Windows. En investigaci\u00f3n es inconcebible que un proceso que llevaba corriendo varios d\u00edas no terminase porque el sistema operativo se queda bloqueado.<\/li>\n<li>La estabilidad queda patente en el hecho de que 498 de los 500 ordenadores m\u00e1s ponentes del mundo usan Linux como sistema operativo (Vaughan-Nichols, 2016).<\/li>\n<li>Es f\u00e1cil de mantener y no degrada con el uso<\/li>\n<li>No requiere la protecci\u00f3n mediante un programa antivirus<\/li>\n<li>Las actualizaciones raras veces requieren el reinicio de la maquina f\u00edsica, lo cual es una ventaja importante en un servidor<\/li>\n<li>Existe una comunidad grande dispuesta a ayudar a resolver los posibles problemas relacionados con el sistema operativo<\/li>\n<li>Linux es totalmente ajustable a los necesidades del usuario. Es decir, se puede configurar para que \u00fanicamente contenga los programas requeridas y de esta forma no se malgasta recursos en programas innecesarios (y frecuentemente indeseados)<\/li>\n<\/ul>\n<p>Debido a lo expuesto arriba, la mayor\u00eda de los bioinform\u00e1ticos desarrollan sus herramientas dentro de un entorno Linux. Aunque frecuentemente existe cierto grado de portabilidad entre los diferentes sistemas operativos, muchas herramientas importantes \u00fanicamente est\u00e1n disponibles para Linux.<\/p>\n<p>Adem\u00e1s, existen distribuciones adaptadas directamente para el uso bioinform\u00e1tico. La \u2018distro\u2019 DNALinux (<a href=\"https:\/\/en.wikipedia.org\/wiki\/DNALinux\">https:\/\/en.wikipedia.org\/wiki\/DNALinux<\/a> ) por ejemplo viene con algunos programas bioinform\u00e1ticos preinstalados como Blast y el paquete EMBOSS.<\/p>\n<p>&nbsp;<\/p>\n<pre><\/pre>\n","protected":false},"excerpt":{"rendered":"<p>\u00bfQue es UNIX? En los a\u00f1os 60: cada ordenador tenia su sistema operativo En 1970, en Bell Labs, Ken Thompson y Dennis Richie, empiezan con el desarrollo de Unix Dise\u00f1o modular, escrito en C (con excepci\u00f3n del kernel) Unix era <a href=\"https:\/\/bioinfo2.ugr.es\/biocomputacion\/linux\/\" class=\"read-more\">Read More &#8230;<\/a><\/p>\n","protected":false},"author":1,"featured_media":0,"parent":0,"menu_order":0,"comment_status":"closed","ping_status":"closed","template":"","meta":[],"_links":{"self":[{"href":"https:\/\/bioinfo2.ugr.es\/biocomputacion\/wp-json\/wp\/v2\/pages\/1052"}],"collection":[{"href":"https:\/\/bioinfo2.ugr.es\/biocomputacion\/wp-json\/wp\/v2\/pages"}],"about":[{"href":"https:\/\/bioinfo2.ugr.es\/biocomputacion\/wp-json\/wp\/v2\/types\/page"}],"author":[{"embeddable":true,"href":"https:\/\/bioinfo2.ugr.es\/biocomputacion\/wp-json\/wp\/v2\/users\/1"}],"replies":[{"embeddable":true,"href":"https:\/\/bioinfo2.ugr.es\/biocomputacion\/wp-json\/wp\/v2\/comments?post=1052"}],"version-history":[{"count":5,"href":"https:\/\/bioinfo2.ugr.es\/biocomputacion\/wp-json\/wp\/v2\/pages\/1052\/revisions"}],"predecessor-version":[{"id":1638,"href":"https:\/\/bioinfo2.ugr.es\/biocomputacion\/wp-json\/wp\/v2\/pages\/1052\/revisions\/1638"}],"wp:attachment":[{"href":"https:\/\/bioinfo2.ugr.es\/biocomputacion\/wp-json\/wp\/v2\/media?parent=1052"}],"curies":[{"name":"wp","href":"https:\/\/api.w.org\/{rel}","templated":true}]}}