
{"id":61,"date":"2013-05-17T22:54:52","date_gmt":"2013-05-17T20:54:52","guid":{"rendered":"http:\/\/jloliverlab.wordpress.com\/?page_id=24"},"modified":"2023-05-24T12:18:29","modified_gmt":"2023-05-24T10:18:29","slug":"contact-us","status":"publish","type":"page","link":"https:\/\/bioinfo2.ugr.es\/ceUGR\/contact-us\/","title":{"rendered":"Contact us"},"content":{"rendered":"<ul>\n<li><a title=\"Jos\u00e9 L. Oliver\" href=\"mailto:oliver@ugr.es\" target=\"_blank\" rel=\"noopener noreferrer\">Jos\u00e9 L. Oliver, Professor of Genetics<\/a><\/li>\n<li><a href=\"mailto:hackenberg@ugr.es\" target=\"_blank\" rel=\"noopener noreferrer\">Michael Hackenberg, Associate Professor<\/a><\/li>\n<li><a href=\"mailto:ama@ugr.es\" target=\"_blank\" rel=\"noopener noreferrer\">Angel Mart\u00edn Alganza, Associate Professor<\/a><\/li>\n<li><a href=\"mailto:cris12gm@gmail.com\" target=\"_blank\" rel=\"noopener noreferrer\">Cristina G\u00f3mez Mart\u00edn, PhD., Biochemistry<\/a><\/li>\n<li><a href=\"mailto:eaparicioeaparicio@gmail.com\" target=\"_blank\" rel=\"noopener noreferrer\">Ernesto Aparicio Puerta, PhD., Biochemistry<\/a><\/li>\n<\/ul>\n<ul>\n<li><a href=\"http:\/\/bioinfo2.ugr.es\/ceUGR\" target=\"_blank\" rel=\"noopener noreferrer\">Computational Epigenomics Group<\/a><\/li>\n<li><a href=\"http:\/\/www.ugr.es\/~genetica\/\" target=\"_blank\" rel=\"noopener noreferrer\">Dpto. de Gen\u00e9tica<\/a> &amp; <a href=\"http:\/\/www.ibtugr.es\/\" target=\"_blank\" rel=\"noopener noreferrer\">Inst. de Biotecnolog\u00eda<\/a><\/li>\n<li><a href=\"http:\/\/fciencias.ugr.es\/\" target=\"_blank\" rel=\"noopener noreferrer\">Facultad de Ciencias<\/a><\/li>\n<li><a href=\"http:\/\/www.ugr.es\/\" target=\"_blank\" rel=\"noopener noreferrer\">Universidad de Granada<\/a><\/li>\n<li><a href=\"http:\/\/bioinfo2.ugr.es\/oliver\/\" target=\"_blank\" rel=\"noopener noreferrer\">http:\/\/bioinfo2.ugr.es\/oliver\/<\/a><\/li>\n<li><a href=\"http:\/\/bioinfo2.ugr.es\/hackenberg\" target=\"_blank\" rel=\"noopener noreferrer\">http:\/\/bioinfo2.ugr.es\/hackenberg\/<\/a><\/li>\n<\/ul>\n","protected":false},"excerpt":{"rendered":"<p>Jos\u00e9 L. Oliver, Professor of Genetics Michael Hackenberg, Associate Professor Angel Mart\u00edn Alganza, Associate Professor Cristina G\u00f3mez Mart\u00edn, PhD., Biochemistry Ernesto Aparicio Puerta, PhD., Biochemistry Computational Epigenomics Group Dpto. de Gen\u00e9tica &amp; Inst. de Biotecnolog\u00eda Facultad de Ciencias Universidad de &hellip;<\/p>\n<p class=\"read-more\"> <a class=\"more-link\" href=\"https:\/\/bioinfo2.ugr.es\/ceUGR\/contact-us\/\"> <span class=\"screen-reader-text\">Contact us<\/span> Read More &raquo;<\/a><\/p>\n","protected":false},"author":1,"featured_media":0,"parent":0,"menu_order":37,"comment_status":"closed","ping_status":"closed","template":"","meta":[],"_links":{"self":[{"href":"https:\/\/bioinfo2.ugr.es\/ceUGR\/wp-json\/wp\/v2\/pages\/61"}],"collection":[{"href":"https:\/\/bioinfo2.ugr.es\/ceUGR\/wp-json\/wp\/v2\/pages"}],"about":[{"href":"https:\/\/bioinfo2.ugr.es\/ceUGR\/wp-json\/wp\/v2\/types\/page"}],"author":[{"embeddable":true,"href":"https:\/\/bioinfo2.ugr.es\/ceUGR\/wp-json\/wp\/v2\/users\/1"}],"replies":[{"embeddable":true,"href":"https:\/\/bioinfo2.ugr.es\/ceUGR\/wp-json\/wp\/v2\/comments?post=61"}],"version-history":[{"count":6,"href":"https:\/\/bioinfo2.ugr.es\/ceUGR\/wp-json\/wp\/v2\/pages\/61\/revisions"}],"predecessor-version":[{"id":1454,"href":"https:\/\/bioinfo2.ugr.es\/ceUGR\/wp-json\/wp\/v2\/pages\/61\/revisions\/1454"}],"wp:attachment":[{"href":"https:\/\/bioinfo2.ugr.es\/ceUGR\/wp-json\/wp\/v2\/media?parent=61"}],"curies":[{"name":"wp","href":"https:\/\/api.w.org\/{rel}","templated":true}]}}