{"id":4820,"date":"2024-10-02T10:04:43","date_gmt":"2024-10-02T08:04:43","guid":{"rendered":"https:\/\/bioinfo2.ugr.es\/genomica\/?page_id=4820"},"modified":"2024-10-02T10:15:48","modified_gmt":"2024-10-02T08:15:48","slug":"memoria-de-practicas","status":"publish","type":"page","link":"https:\/\/bioinfo2.ugr.es\/genomica\/memoria-de-practicas\/","title":{"rendered":"Memoria de Pr\u00e1cticas"},"content":{"rendered":"\n<p>Una vez obtenidos e introducidos todos los resultados de los ejercicios, se realizar\u00e1 un estudio comparado de las diferentes especies estudiadas por el conjunto de la clase. <strong>No es necesario incluir todas las especies, ni todos los cromosomas, ni todos los valores recabados, s\u00f3lo aquellos necesarios para evaluar la(s) hip\u00f3tesis propuestas por el alumn@.<\/strong> El an\u00e1lisis de los resultados y el informe final se entregar\u00e1 en formato pdf breve (4 p\u00e1ginas m\u00e1ximo), con formato de art\u00edculos cient\u00edfico:<\/p>\n\n\n\n<ul><li>Introducci\u00f3n (~1\/2-1 p\u00e1gina)<\/li><li>Material y M\u00e9todos (~1-2 p\u00e1gina)<\/li><li>Resultados (~ 1-2 p\u00e1gina)<\/li><li>Discusi\u00f3n (~1\/2-1 p\u00e1gina)<\/li><\/ul>\n\n\n\n<div class=\"wp-block-image\"><figure class=\"aligncenter is-resized\"><img loading=\"lazy\" src=\"https:\/\/abrilliantmind.blog\/wp-content\/uploads\/2021\/09\/Hourglass-1024x625.jpg\" alt=\"The ultimate guide to scientific writing : A Brilliant Mind\" width=\"578\" height=\"352\"\/><\/figure><\/div>\n\n\n\n<p>La tem\u00e1tica es libre por lo que adem\u00e1s del <strong>desarrollo y redacci\u00f3n<\/strong> de la memoria, tambi\u00e9n se valorar\u00e1 la <strong>originalidad<\/strong> y la capacidad del alumno de generar nuevas cuestiones adicionales que puedan ser estudiadas con los resultados obtenidos. Los an\u00e1lisis propuestos pueden realizarse con el propio Galaxy o con cualquier otra herramienta que el alumno considere apropiada (libreoffice, excel, spss, R&#8230;). Las hip\u00f3tesis propuestas deber\u00e1n evaluarse mediante g\u0155aficos sencillos como diagramas de cajas, de barras o de correlaci\u00f3n.<\/p>\n","protected":false},"excerpt":{"rendered":"<p>Una vez obtenidos e introducidos todos los resultados de los ejercicios, se realizar\u00e1 un estudio comparado de las diferentes especies estudiadas por el conjunto de la clase. No es necesario incluir todas las especies, ni todos los cromosomas, ni todos los valores [&hellip;]<\/p>\n","protected":false},"author":1,"featured_media":0,"parent":0,"menu_order":0,"comment_status":"closed","ping_status":"closed","template":"","meta":[],"_links":{"self":[{"href":"https:\/\/bioinfo2.ugr.es\/genomica\/wp-json\/wp\/v2\/pages\/4820"}],"collection":[{"href":"https:\/\/bioinfo2.ugr.es\/genomica\/wp-json\/wp\/v2\/pages"}],"about":[{"href":"https:\/\/bioinfo2.ugr.es\/genomica\/wp-json\/wp\/v2\/types\/page"}],"author":[{"embeddable":true,"href":"https:\/\/bioinfo2.ugr.es\/genomica\/wp-json\/wp\/v2\/users\/1"}],"replies":[{"embeddable":true,"href":"https:\/\/bioinfo2.ugr.es\/genomica\/wp-json\/wp\/v2\/comments?post=4820"}],"version-history":[{"count":4,"href":"https:\/\/bioinfo2.ugr.es\/genomica\/wp-json\/wp\/v2\/pages\/4820\/revisions"}],"predecessor-version":[{"id":4827,"href":"https:\/\/bioinfo2.ugr.es\/genomica\/wp-json\/wp\/v2\/pages\/4820\/revisions\/4827"}],"wp:attachment":[{"href":"https:\/\/bioinfo2.ugr.es\/genomica\/wp-json\/wp\/v2\/media?parent=4820"}],"curies":[{"name":"wp","href":"https:\/\/api.w.org\/{rel}","templated":true}]}}