{"id":18,"date":"2013-05-29T20:32:06","date_gmt":"2013-05-29T18:32:06","guid":{"rendered":"http:\/\/bioinfo2.ugr.es\/genomicafuncional\/?page_id=18"},"modified":"2021-02-21T20:33:33","modified_gmt":"2021-02-21T18:33:33","slug":"tutorias","status":"publish","type":"page","link":"https:\/\/bioinfo2.ugr.es\/genomicafuncional\/tutorias\/","title":{"rendered":"Tutor\u00edas"},"content":{"rendered":"<p>Tutor\u00eda presencial:<\/p>\n<ul>\n<li>Dpto. de Gen\u00e9tica, Despacho 17<\/li>\n<\/ul>\n<p>Tutor\u00eda electr\u00f3nica:<\/p>\n<ul>\n<li><a href=\"mailto:hackenberg@ugr.es?subject=Genomica\" target=\"_blank\" rel=\"noopener\">Michael Hackenberg<\/a><\/li>\n<\/ul>\n<address>En el asunto del mensaje se debe poner &#8216;Genomica Funcional&#8217;<\/address>\n","protected":false},"excerpt":{"rendered":"<p>Tutor\u00eda presencial: Dpto. de Gen\u00e9tica, Despacho 17 Tutor\u00eda electr\u00f3nica: Michael Hackenberg En el asunto del mensaje se debe poner &#8216;Genomica Funcional&#8217;<\/p>\n","protected":false},"author":1,"featured_media":0,"parent":0,"menu_order":6,"comment_status":"closed","ping_status":"closed","template":"","meta":[],"_links":{"self":[{"href":"https:\/\/bioinfo2.ugr.es\/genomicafuncional\/wp-json\/wp\/v2\/pages\/18"}],"collection":[{"href":"https:\/\/bioinfo2.ugr.es\/genomicafuncional\/wp-json\/wp\/v2\/pages"}],"about":[{"href":"https:\/\/bioinfo2.ugr.es\/genomicafuncional\/wp-json\/wp\/v2\/types\/page"}],"author":[{"embeddable":true,"href":"https:\/\/bioinfo2.ugr.es\/genomicafuncional\/wp-json\/wp\/v2\/users\/1"}],"replies":[{"embeddable":true,"href":"https:\/\/bioinfo2.ugr.es\/genomicafuncional\/wp-json\/wp\/v2\/comments?post=18"}],"version-history":[{"count":1,"href":"https:\/\/bioinfo2.ugr.es\/genomicafuncional\/wp-json\/wp\/v2\/pages\/18\/revisions"}],"predecessor-version":[{"id":2357,"href":"https:\/\/bioinfo2.ugr.es\/genomicafuncional\/wp-json\/wp\/v2\/pages\/18\/revisions\/2357"}],"wp:attachment":[{"href":"https:\/\/bioinfo2.ugr.es\/genomicafuncional\/wp-json\/wp\/v2\/media?parent=18"}],"curies":[{"name":"wp","href":"https:\/\/api.w.org\/{rel}","templated":true}]}}